{"id":255,"date":"2021-08-07T19:51:35","date_gmt":"2021-08-07T19:51:35","guid":{"rendered":"http:\/\/physiowerk-badditzenbach.de\/?page_id=255"},"modified":"2025-10-12T13:19:19","modified_gmt":"2025-10-12T13:19:19","slug":"koerperanalyse","status":"publish","type":"page","link":"https:\/\/physiowerk-badditzenbach.de\/?page_id=255","title":{"rendered":"Check Ups"},"content":{"rendered":"\n<p class=\"has-text-color has-link-color wp-elements-2003c8d96a017b2e74263529ffc0614f\" style=\"color:#00d111\">Body &#8211; Scan<\/p>\n\n\n\n<figure class=\"wp-block-image size-large\"><img loading=\"lazy\" decoding=\"async\" width=\"1024\" height=\"495\" src=\"https:\/\/physiowerk-badditzenbach.de\/wp-content\/uploads\/2025\/10\/IMG_2331-1024x495.jpg\" alt=\"\" class=\"wp-image-456\" srcset=\"https:\/\/physiowerk-badditzenbach.de\/wp-content\/uploads\/2025\/10\/IMG_2331-1024x495.jpg 1024w, https:\/\/physiowerk-badditzenbach.de\/wp-content\/uploads\/2025\/10\/IMG_2331-300x145.jpg 300w, https:\/\/physiowerk-badditzenbach.de\/wp-content\/uploads\/2025\/10\/IMG_2331-768x371.jpg 768w, https:\/\/physiowerk-badditzenbach.de\/wp-content\/uploads\/2025\/10\/IMG_2331-1536x742.jpg 1536w, https:\/\/physiowerk-badditzenbach.de\/wp-content\/uploads\/2025\/10\/IMG_2331.jpg 1800w\" sizes=\"(max-width: 767px) 89vw, (max-width: 1000px) 54vw, (max-width: 1071px) 543px, 580px\" \/><\/figure>\n\n\n\n<p>Die Analyse der K\u00f6rperzusammensetzung erfolgt durch die Bioelektrische Impedanzanalyse (BIA), eine der pr\u00e4zisesten und anerkanntesten Methoden, um die K\u00f6rperzusammensetzung zu analysieren.<\/p>\n\n\n\n<p>Daraus wird das Gewicht und der Anteil von K\u00f6rperfett, Muskelmasse und K\u00f6rperwasser abgeleitet. Die Ergebnisse werden bewertet und den medizinischen Normwerten gegen\u00fcbergestellt. Der K\u00f6rperfettanteil wird unterteilt dargestellt in die essentielle Fettmasse, die Fettreserve und die \u00fcbersch\u00fcssige Fettmasse (i.d.R. viszerales Bauchfett) \u2013 daraus k\u00f6nnen ggf. bestehende gesundheitliche Risiken aufgezeigt werden.<\/p>\n\n\n\n<p class=\"has-text-color has-link-color wp-elements-b15780b80a15a979527f4dba9a043bc7\" style=\"color:#00d111\">Mobility &#8211; Scan<\/p>\n\n\n\n<figure class=\"wp-block-image size-large\"><img loading=\"lazy\" decoding=\"async\" width=\"1024\" height=\"614\" src=\"https:\/\/physiowerk-badditzenbach.de\/wp-content\/uploads\/2025\/10\/IMG_2332-1024x614.jpg\" alt=\"\" class=\"wp-image-458\" srcset=\"https:\/\/physiowerk-badditzenbach.de\/wp-content\/uploads\/2025\/10\/IMG_2332-1024x614.jpg 1024w, https:\/\/physiowerk-badditzenbach.de\/wp-content\/uploads\/2025\/10\/IMG_2332-300x180.jpg 300w, https:\/\/physiowerk-badditzenbach.de\/wp-content\/uploads\/2025\/10\/IMG_2332-768x461.jpg 768w, https:\/\/physiowerk-badditzenbach.de\/wp-content\/uploads\/2025\/10\/IMG_2332-1536x921.jpg 1536w, https:\/\/physiowerk-badditzenbach.de\/wp-content\/uploads\/2025\/10\/IMG_2332.jpg 1687w\" sizes=\"(max-width: 767px) 89vw, (max-width: 1000px) 54vw, (max-width: 1071px) 543px, 580px\" \/><\/figure>\n\n\n\n<p class=\"has-text-color has-link-color wp-elements-1af056a4cbaf0b908171e4ee05c22583\" style=\"color:#00d111\">Wirbels\u00e4ulen &#8211; Scan<\/p>\n\n\n\n<figure class=\"wp-block-image size-large\"><img loading=\"lazy\" decoding=\"async\" width=\"1024\" height=\"612\" src=\"https:\/\/physiowerk-badditzenbach.de\/wp-content\/uploads\/2025\/10\/IMG_2333-1024x612.jpg\" alt=\"\" class=\"wp-image-459\" srcset=\"https:\/\/physiowerk-badditzenbach.de\/wp-content\/uploads\/2025\/10\/IMG_2333-1024x612.jpg 1024w, https:\/\/physiowerk-badditzenbach.de\/wp-content\/uploads\/2025\/10\/IMG_2333-300x179.jpg 300w, https:\/\/physiowerk-badditzenbach.de\/wp-content\/uploads\/2025\/10\/IMG_2333-768x459.jpg 768w, https:\/\/physiowerk-badditzenbach.de\/wp-content\/uploads\/2025\/10\/IMG_2333-1536x919.jpg 1536w, https:\/\/physiowerk-badditzenbach.de\/wp-content\/uploads\/2025\/10\/IMG_2333.jpg 1692w\" sizes=\"(max-width: 767px) 89vw, (max-width: 1000px) 54vw, (max-width: 1071px) 543px, 580px\" \/><\/figure>\n\n\n\n<p><\/p>\n\n\n\n<p class=\"has-text-color\" style=\"color:#47d328\"><em>\u201eWenn wir jedem Menschen die richtige Dosis Nahrung, Bewegung und Entspannung geben k\u00f6nnten, nicht zu viel und nicht zu wenig, h\u00e4tten wir den besten Weg zur Gesundheit gefunden.&#8220; <br>&#8211; Hippocrates<\/em><\/p>\n","protected":false},"excerpt":{"rendered":"<p>Body &#8211; Scan Die Analyse der K\u00f6rperzusammensetzung erfolgt durch die Bioelektrische Impedanzanalyse (BIA), eine der pr\u00e4zisesten und anerkanntesten Methoden, um die K\u00f6rperzusammensetzung zu analysieren. Daraus wird das Gewicht und der Anteil von K\u00f6rperfett, Muskelmasse und K\u00f6rperwasser abgeleitet. Die Ergebnisse werden bewertet und den medizinischen Normwerten gegen\u00fcbergestellt. Der K\u00f6rperfettanteil wird unterteilt dargestellt in die essentielle Fettmasse, &hellip; <\/p>\n<p class=\"link-more\"><a href=\"https:\/\/physiowerk-badditzenbach.de\/?page_id=255\" class=\"more-link\"><span class=\"screen-reader-text\">\u201eCheck Ups\u201c<\/span> weiterlesen<\/a><\/p>\n","protected":false},"author":1,"featured_media":0,"parent":0,"menu_order":0,"comment_status":"closed","ping_status":"closed","template":"","meta":{"footnotes":""},"_links":{"self":[{"href":"https:\/\/physiowerk-badditzenbach.de\/index.php?rest_route=\/wp\/v2\/pages\/255"}],"collection":[{"href":"https:\/\/physiowerk-badditzenbach.de\/index.php?rest_route=\/wp\/v2\/pages"}],"about":[{"href":"https:\/\/physiowerk-badditzenbach.de\/index.php?rest_route=\/wp\/v2\/types\/page"}],"author":[{"embeddable":true,"href":"https:\/\/physiowerk-badditzenbach.de\/index.php?rest_route=\/wp\/v2\/users\/1"}],"replies":[{"embeddable":true,"href":"https:\/\/physiowerk-badditzenbach.de\/index.php?rest_route=%2Fwp%2Fv2%2Fcomments&post=255"}],"version-history":[{"count":7,"href":"https:\/\/physiowerk-badditzenbach.de\/index.php?rest_route=\/wp\/v2\/pages\/255\/revisions"}],"predecessor-version":[{"id":454,"href":"https:\/\/physiowerk-badditzenbach.de\/index.php?rest_route=\/wp\/v2\/pages\/255\/revisions\/454"}],"wp:attachment":[{"href":"https:\/\/physiowerk-badditzenbach.de\/index.php?rest_route=%2Fwp%2Fv2%2Fmedia&parent=255"}],"curies":[{"name":"wp","href":"https:\/\/api.w.org\/{rel}","templated":true}]}}